d + 97. List the prime factors of h(-22).
3, 113
Let c be (-10)/(-4)*(-108)/(-90). Let o(q) = 11*q**2 - q - 4. List the prime factors of o(c).
2, 23
Suppose -28 = -65*y + 64*y. What are the prime factors of y?
2, 7
Let d = 25 - 36. Suppose 2*w - 33 = 3*k - w, 4*k - 5*w + 49 = 0. What are the prime factors of (-284)/d - k/33?
2, 13
Suppose -5*o - 343 = -2*p, 0 = -4*p + 2*p + 2*o + 346. Suppose 0 = 4*z - 3*z + 2*u - p, u - 696 = -4*z. What are the prime factors of z?
2, 3, 29
Suppose 33847 = 71*i - 280257. What are the prime factors of i?
2, 7, 79
Suppose -3*v = 2*w + 58, 0*v - 2*v - 29 = w. Let i = w + 199. List the prime factors of i.
2, 5, 17
Let t(q) = 4 + 65*q - 11 + 6. List the prime factors of t(1).
2
Let j(y) = y**3 + 11*y**2 + 10*y + 3. Let q = 18 - 28. Let v be j(q). Let u(s) = s**3 - 2*s**2 + 2*s - 5. What are the prime factors of u(v)?
2, 5
Let i = -32 + 37. Suppose -i*n + 4 = -31. What are the prime factors of n?
7
Let x = -33 - -34. Let t(c) = 38*c + 3. What are the prime factors of t(x)?
41
Let s be (57/38)/(18/8)*-114. Let g = s - -110. List the prime factors of g.
2, 17
Suppose -5*y - 880 = -3*w + 555, 5*y = -5*w + 2365. What are the prime factors of w?
5, 19
Let s(y) = y. Let o be s(4). Suppose -o*g = -14 - 10. List the prime factors of -18*(-1)/(g/2).
2, 3
Suppose 32991 = 58*t - 18629. List the prime factors of t.
2, 5, 89
Suppose 3*b - 4*x = 2, 4*x + 14 = 5*b + 8*x. Let v be 3 - (-3 + b - -5). List the prime factors of 4 + 34/(2 + v).
2, 19
Let g be (-2)/(-3) - 16/(-3). Let b be 4/g - 104/(-24). Let q(h) = -h**3 + 6*h**2 - h + 4. What are the prime factors of q(b)?
2, 3
Suppose -2*j - 11 = 27. Let a = j - -7. Let g = 20 + a. List the prime factors of g.
2
Suppose 2*a = -i + 30, -3*a - 2*i + 54 - 9 = 0. Suppose 3*d + 0*d = a. Let g(h) = 3*h**2 - 5*h + 1. List the prime factors of g(d).
3, 17
Suppose -3*m + 5991 = 2*a - 6*m, 4*a - 2*m - 11986 = 0. What are the prime factors of a?
3, 37
Let y = 28 - 26. Suppose -y*c + 10 = 0, -c + 225 = 4*o - 0*c. What are the prime factors of o?
5, 11
Let i(t) be the first derivative of t**4/4 + 11*t**3/3 - t**2/2 - 8. Let u be i(-11). Let h(b) = -b**2 + 14*b - 7. List the prime factors of h(u).
2, 13
Let m = 26 - -17. Suppose m = -2*u + 109. Suppose -2*n + 19 = -u. What are the prime factors of n?
2, 13
Let o(m) = -3 + 6*m**2 - m - 3*m**2 - 8. List the prime factors of o(5).
59
Suppose 4*y - 111 = 3*y - x, -x - 119 = -y. List the prime factors of y.
5, 23
Let c(v) be the first derivative of v**2/2 + v + 8. Let o be c(4). Suppose 3*y - 66 = -4*s, -o*y = 2*s - y - 38. What are the prime factors of s?
3, 5
Let j(b) = 149*b**2 - 8*b - 10. What are the prime factors of j(-3)?
5, 271
Suppose 2700 = -11*v + 7*v. What are the prime factors of 2/8 + (v/(-4) - -3)?
2, 43
Let o(g) be the first derivative of -g**4/4 + 4*g**3/3 + g**2/2 + 6. Let f be o(3). List the prime factors of -5*(-1)/(20/f).
3
Suppose -6*j + j = -60. Let c(m) = m - 16. Let a be c(j). What are the prime factors of 8*((a - -3) + 3)?
2
Let n = -2 - -4. What are the prime factors of ((-21)/(-9) + -2)/(n/426)?
71
Suppose -17759 = -13*z + 4978. What are the prime factors of z?
3, 11, 53
Let v be (4/(-16)*-4)/(-1). What are the prime factors of 155 - v - (-9 + 7)?
2, 79
Let v(o) = -65*o - 24. What are the prime factors of v(-13)?
821
Suppose 2*k - 14 = k + 4*u, 0 = 2*k - u. Suppose -4*x + 62 = -0*h + 2*h, 0 = 3*h + 4*x - 97. Let q = h - k. What are the prime factors of q?
37
Suppose -f - 856 = 2*f - 4*p, -3*p = 2*f + 582. Let s = f + 452. What are the prime factors of s?
2, 41
Let p(b) be the second derivative of -b**5/20 - b**4/12 + b**3/2 - b**2 - 6*b. Let j be p(-3). Let v = j + -4. What are the prime factors of v?
3
Suppose 0 = -13*l + 5*l + 8688. What are the prime factors of l?
2, 3, 181
Let j(i) = i + 13. Let u(g) = g + 14. Let c(z) = 6*j(z) - 5*u(z). Let l be c(-5). Suppose 5*v - 175 = -5*p, -99 = -3*p - 0*p + l*v. List the prime factors of p.
2, 17
What are the prime factors of (276/(-30))/(2/(-295))?
23, 59
Let z(v) = v**2 + 7*v + 7. Let x be z(-8). Suppose -4*u + u = 2*h - x, 3*h = 0. Suppose 103 - 3 = 4*n + 5*y, -130 = -5*n - u*y. List the prime factors of n.
2, 3, 5
Let m = -495 - -1086. What are the prime factors of m?
3, 197
Let b(m) = -2*m**2 + 10*m**2 + 2*m**2 + 5 + m**3 + 2*m. Let q be b(-5). Suppose -14*o + q = -9*o. What are the prime factors of o?
2, 3
What are the prime factors of (-3)/6*-2*(-13 + 723)?
2, 5, 71
Let v(t) = -3*t - 5. Let a be v(-4). Let n = a - 7. Suppose l + 48 = 3*l - 4*q, n = 5*l + 3*q - 159. List the prime factors of l.
2, 3, 5
Let f(l) = l**3 - 7*l**2 + 5*l + 11. Let s be f(6). Suppose s*b - 70 = -3*d + 99, 5*b - 217 = -4*d. Let p = 80 - d. What are the prime factors of p?
2
Let t(y) be the third derivative of y**5/60 + 3*y**4/8 - 5*y**3/2 + 7*y**2. What are the prime factors of t(-14)?
5, 11
Let t(d) = -12*d**2 - 7*d + 19. Let g(s) = -11*s**2 - 7*s + 19. Let a(y) = -4*g(y) + 3*t(y). What are the prime factors of a(-6)?
227
List the prime factors of 73524/48 + 4 + 5/4.
29, 53
Let d(k) = 54*k - 115. What are the prime factors of d(10)?
5, 17
Let s(g) = 3*g + 23. Let l(m) = 2*m + 13. Let d be l(-6). Suppose 4*i - 5 + d = 2*o, -o - i = -1. List the prime factors of s(o).
23
Let t(m) = -127*m - 1. Let x be t(-1). Suppose -3*h = -h - x. What are the prime factors of h?
3, 7
Suppose 0 = -16*v - 2528 + 13744. List the prime factors of v.
701
Let g = -488 + 914. What are the prime factors of g?
2, 3, 71
Let c = 8183 - 5801. What are the prime factors of c?
2, 3, 397
Suppose -i = -3*f + 72 + 49, 213 = 5*f + 4*i. What are the prime factors of f + -1 + 56/14?
2, 11
Suppose 2*j = 10*j - 3040. What are the prime factors of j?
2, 5, 19
Suppose -4*f - 7 - 17 = -2*i, -4*i + 8 = 0. What are the prime factors of (-5)/f*2*(-298)/(-4)?
149
Suppose 0 = -3*b - 11*b + 6496. List the prime factors of b.
2, 29
What are the prime factors of 2363 + (1 - (-3 + -5))?
2, 593
Let j(m) be the third derivative of m**5/60 + m**4/4 - 11*m**3/6 + 9*m**2. What are the prime factors of j(-11)?
2, 11
Suppose 0 = -o - 0 + 2. Suppose -4*k = -c - 391, o*k + 61 = 2*c + 249. List the prime factors of k.
3, 11
Let s = 1039 + -250. List the prime factors of s.
3, 263
Suppose -449 = -16*b + 415. What are the prime factors of b?
2, 3
Let h = -941 + 1604. What are the prime factors of h?
3, 13, 17
What are the prime factors of (0 - -277) + (-134)/(-67)?
3, 31
Suppose 6 = -2*l, -2*k - 3*l + 8*l + 727 = 0. List the prime factors of k.
2, 89
Let j(v) = v**2 - 4*v - 2. Let w be j(-3). Suppose 3*g + 3*d - 34 = 71, 3*g = 4*d + 91. Let u = g - w. List the prime factors of u.
2, 7
Suppose 209509 = -8*p + 75*p. What are the prime factors of p?
53, 59
List the prime factors of (-2883)/(-4) + 23/92.
7, 103
Let a be (-4)/((-12)/(-9)) - -38. Let k = 9 + a. List the prime factors of k.
2, 11
Let k(z) = -3*z**3 + 3*z**3 + 10*z**2 - 4 + z**3. Let h be k(-10). What are the prime factors of 2/(-1) + (28 - h)?
2, 3, 5
Suppose -5 = -2*l + 2*s + 3, -14 = -2*l + 5*s. Suppose l*r + 3*d = -3*r - 155, 3*r - 2*d + 93 = 0. Let f = r - -69. What are the prime factors of f?
2, 19
Let x(z) = 29*z + 2. Let a(s) = 30*s + 1. Let t(i) = 3*a(i) - 4*x(i). List the prime factors of t(-3).
73
Let m be (11 - 1)*(-50)/(-20). Let h = 27 - m. Suppose 0 = 2*q + h*d - 3*d - 64, 5*q - 5*d - 165 = 0. What are the prime factors of q?
31
Let i = -94 + 165. Suppose -3*u + i = a - 0*a, -u = -2*a - 12. List the prime factors of u.
2, 11
Suppose 4784 = 2*b - 1360. List the prime factors of b.
2, 3
Let y(h) = -26*h**2 - 2*h - 1. Let b be y(-1). Let g be (1 + 1)*b/(-2). Let n = g + -13. What are the prime factors of n?
2, 3
Let m = 277 + -83. What are the prime factors of m?
2, 97
Suppose -4*m = 4*m. Suppose j + u = 66, 3*j - 5*j + 3*u + 112 = m. What are the prime factors of j?
2, 31
Let h(x) = -x**3 + 13*x**2 - 5*x + 9. Let y be h(13). Let v = y - -84. What are the prime factors of v?
2, 7
Suppose 0 = 5*w + 4*c - 4821, c + 5183 = 4*w + 1322. List the prime factors of w.
5, 193
Let i be (-16 - 5)/(6/(-8)). Suppose 24*l + 92 = i*l. What are the prime factors of l?
23
Let s = 1092 - 402. Suppose -5*y + s = -4*h, -2*y + 5*y - 427 = 5*h. List the prime factors of y.
2, 67
Let f(x) = -x**3 + 22*x**